
51139
2731b4 (base 12) to base 14
12c37a
What is 14c791c (base 14) in base 3?
201010022202211
Convert 74318 (base 14) to base 4.
1010132302
110100111001011101001 (base 2) to base 15
2438bd
5206 (base 9) to base 8
7345
3042103 (base 5) to base 14
14149
Convert -210420 (base 6) to base 3.
-212022210
268a3b (base 12) to base 15
c8ccb
Convert 301043204 (base 5) to base 4.
10202220131
What is -212101121122 (base 3) in base 2?
-1110000011010100000
111021113112 (base 4) to base 2
10101001001010111010110
Convert -126173 (base 8) to base 11.
-301a1
2102011110 (base 3) to base 16
b991
Convert -28244 (base 10) to base 9.
-42662
What is 1010100110110101100 (base 2) in base 9?
578682
-2852417 (base 13) to base 2
-110000101110001000010001
14211002 (base 6) to base 12
1b3a62
Convert 111593 (base 14) to base 7.
4634143
What is -10079 (base 15) in base 11?
-35137
112121121212120 (base 3) to base 5
3442024102
Convert 101020121210 (base 3) to base 7.
1466631
Convert -3aba1 (base 15) to base 9.
-316207
Convert 1396a5 (base 12) to base 8.
1177635
What is -1101000100010110001 (base 2) in base 8?
-1504261
What is 4743ba (base 15) in base 2?
1100111111100110010001
What is 4bb03 (base 12) in base 5?
11303124
Convert 101620 (base 10) to base 16.
18cf4
Convert 5030055 (base 6) to base 5.
30042303
-5305152 (base 6) to base 16
-3eedc
What is 221104430 (base 5) in base 7?
11063460
-244185 (base 12) to base 8
-2173765
Convert 2259b (base 15) to base 11.
75108
What is -1012210110 (base 3) in base 13?
-ab60
What is -123088 (base 13) in base 6?
-13154234
Convert 321a4a (base 14) to base 4.
12131311202
Convert -20629 (base 12) to base 5.
-2323434
Convert 10014 (base 5) to base 10.
634
What is 222211100011201 (base 3) in base 11?
80586a3
Convert 2303312222 (base 4) to base 5.
142033212
Convert -111001011011110001 (base 2) to base 11.
-150823
-560653 (base 11) to base 14
-193a8d
Convert 667052 (base 9) to base 13.
10c6a9
Convert 101101100010101100111100 (base 2) to base 8.
55425474
What is 1000010111101000100 (base 2) in base 6?
5513352
What is -8cb44a (base 13) in base 10?
-3337981
What is -8517023 (base 9) in base 6?
-241411550
What is -2424343 (base 5) in base 8?
-131036
What is -3202013321 (base 4) in base 11?
-582961
714411 (base 9) to base 15
855a4
1ea42 (base 15) to base 8
303533
-37559 (base 14) to base 4
-201011123
Convert -22020011001020 (base 3) to base 15.
-5b58a0
10100001101111111011 (base 2) to base 8
2415773
What is 55c61 (base 13) in base 7?
1216340
114749 (base 10) to base 2
11100000000111101
Convert 365517 (base 13) to base 14.
25a9b9
What is 11346767 (base 8) in base 11?
1442477
What is -644461 (base 8) in base 10?
-215345
31211233 (base 4) to base 12
28267
-20787 (base 14) to base 11
-53933
Convert 441542112 (base 6) to base 10.
7929404
What is -925c9b (base 15) in base 6?
-405024402
What is 147628 (base 11) in base 3?
102200001222
Convert -431b1c (base 14) to base 4.
-20222203232
Convert -94733 (base 14) to base 16.
-576f9
Convert -857943 (base 11) to base 4.
-11032332202
Convert 120122002100101 (base 3) to base 9.
16562311
-21021100111001 (base 3) to base 6
-214500301
Convert 555591 (base 13) to base 15.
29adb3
What is 234024402 (base 5) in base 7?
12115423
What is -58c745 (base 13) in base 3?
-10222022212212
Convert 10b7cc (base 14) to base 16.
8b0d8
What is -202021022 (base 3) in base 6?
-152225
Convert -101001011010110111111 (base 2) to base 14.
-2748a3
Convert 1110001100110110000 (base 2) to base 15.
92d1d
33222735 (base 8) to base 5
3312344432
What is a3449 (base 11) in base 16?
24d9c
What is -3304a4 (base 11) in base 2?
-10000000110100111010
What is -10320340 (base 5) in base 16?
-15b0d
Convert -1263576 (base 9) to base 6.
-22453410
-35563675 (base 9) to base 2
-1000010001010001111101000
-22120110002011 (base 3) to base 11
-2631746
-31d20 (base 14) to base 2
-11101011011111000
Convert -102012211020 (base 3) to base 9.
-365736
Convert 22222022 (base 3) to base 12.
3952
Convert -10221113113 (base 4) to base 9.
-2255711
What is -4212140212 (base 5) in base 7?
-134011052
80258 (base 11) to base 6
2303401
Convert 17370608 (base 9) to base 5.
4213222444
What is 106226 (base 11) in base 10?
169307
Convert -23003621 (base 7) to base 16.
-1e89db
What is -1039a28 (base 12) in base 16?
-2ec580
Convert 2ede25 (base 15) to base 13.
6183c2
Convert 24433320 (base 5) to base 10.
233585
13010051 (base 7) to base 12
48a2bb
Convert -1713510 (base 8) to base 3.
-221021102012
Convert 378290 (base 10) to base 11.
239240
What is 2211232221 (base 4) in base 2?
10100101101110101001
Convert -1117997 (base 13) to base 7.
-62366501
What is -3bc (base 14) in base 7?
-2125
11e1b (base 15) to base 11
39a59
1100001101110 (base 2) to base 15
1cbe
What is -eb53d (base 16) in base 12?
-3a5991
Convert 145143504 (base 6) to base 7.
34615504
Convert 1001011100001000001 (base 2) to base 7.
2425534
What is -305336 (base 8) in base 4?
-120223132
What is 213613 (base 9) in base 8?
370560
What is 84743 (base 13) in base 6?
5040122
13100212112 (base 4) to base 11
108a829
-121472 (base 8) to base 7
-232553
Convert -3411151 (base 7) to base 2.
-1100111010001011100
What is 64262 (base 11) in base 13?
3371a
-439a2 (base 12) to base 14
-248c2
Convert -a0d2aa (base 15) to base 8.
-35106333
What is 100111010001000111 (base 2) in base 7?
1236630
Convert -1a6765 (base 13) to base 7.
-5464202
3053453 (base 6) to base 2
100011111101001001
What is 1220212002121 (base 3) in base 11?
637932
2241144 (base 6) to base 14
2d944
2255221 (base 6) to base 12
57511
Convert -206040 (base 8) to base 7.
-404055
What is -2022121000 (base 3) in base 10?
-45630
2000121120 (base 3) to base 2
1001101110000101
What is -10110011110001101 (base 2) in base 10?
-92045
What is -32101020113 (base 4) in base 11?
-2125067
23022002113 (base 4) to base 10
2924695
-99341 (base 10) to base 4
-120100031
What is -20302030122 (base 4) in base 10?
-2302746
Convert 367366 (base 8) to base 6.
2414342
What is -131ea5 (base 15) in base 12?
-383262
Convert 40320415 (base 7) to base 4.
30301301203
What is 181466 (base 15) in base 14?
225cdc
-14755806 (base 9) to base 6
-421422140
1100110100100010 (base 2) to base 16
cd22
Convert 111110110000000010011 (base 2) to base 14.
3b74c3
Convert c31e2 (base 16) to base 2.
11000011000111100010
Convert -4a731 (base 12) to base 9.
-163821
-358032 (base 9) to base 3
-101222001002
Convert -100011000110110001 (base 2) to base 9.
-238220
What is 100111010001111111010 (base 2) in base 5?
312142122
Convert 369b8b (base 12) to base 6.
31011455
Convert 2300024 (base 8) to base 13.
18a513
Convert -570456 (base 8) to base 4.
-233010232
-331331111 (base 4) to base 15
-502db
1230771 (base 10) to base 3
2022112022010
470963 (base 10) to base 2
1110010111110110011
1815b3 (base 12) to base 5
101323203
Convert 53212 (base 6) to base 15.
2208
1011011000001101110011 (base 2) to base 9
5545530
What is -2f14cc (base 16) in base 3?
-12210202112101
889a4 (base 14) to base 5
41044223
Convert -323231212 (base 4) to base 8.
-735546
215223625 (base 7) to base 8
61411634
111101011000110101 (base 2) to base 15
4e780
What is 12010002210201 (base 3) in base 13?
74237b
-60893 (base 11) to base 5
-10321131
1100011100111001011 (base 2) to base 14
a8999
Convert 2000635 (base 8) to base 4.
2000012131
-60013566 (base 7) to base 2
-10010110111010001010101
Convert -10310441123 (base 5) to base 9.
-22672351
Convert -100100011000111100 (base 2) to base 9.
-246413
Convert -101001011101100101 (base 2) to base 8.
-513545
385875 (base 9) to base 6
5003152
a6903 (base 15) to base 11
331100
What is 3002303311 (base 4) in base 13?
21c271
Convert 99970 (base 14) to base 2.
1011010111001001110
Convert -38420 (base 15) to base 2.
-101011111001011101
What is -15352543 (base 7) in base 13?
-3c85b1
Convert -2b263 (base 14) to base 16.
-1a3e7
Convert 160c9 (base 13) to base 14.
113b6
Convert -356617 (base 10) to base 5.
-42402432
What is -867a99 (base 11) in base 10?
-1386889
What is -1011000010110001100 (base 2) in base 15?
-72348
Convert -1010011110101010000101 (base 2) to base 15.
-393de3
Convert 30953 (base 12) to base 13.
22c1a
Convert 253505221 (base 6) to base 13.
103c054
-37642272 (base 8) to base 13
-1960509
-1327057 (base 8) to base 13
-1005a3
Wha